?
False
Is 136687 composite?
True
Is 17861 a composite number?
True
Is 4677 a prime number?
False
Is 67391 a prime number?
True
Is 251333 a prime number?
False
Is 377857 a prime number?
False
Is 294383 a composite number?
False
Is 174349 a composite number?
True
Is 43607 a composite number?
False
Is 4241 prime?
True
Is 66353 composite?
True
Is 88969 a composite number?
False
Is 242543 a prime number?
False
Is 127473 a composite number?
True
Is 25429 a composite number?
True
Is 1413509 a composite number?
False
Is 36061 composite?
False
Is 987433 prime?
True
Is 96667 a composite number?
False
Is 157954 a composite number?
True
Is 555467 a prime number?
False
Is 21779 composite?
True
Is 44011 composite?
True
Is 2132639 prime?
True
Is 14359 a composite number?
True
Is 7297 composite?
False
Is 627877 composite?
True
Is 593 a prime number?
True
Is 70451 a prime number?
True
Is 15761 a prime number?
True
Is 12373 a prime number?
True
Is 199889 composite?
False
Is 12323 prime?
True
Is 126001 prime?
True
Is 1557667 a prime number?
True
Is 164147 composite?
False
Is 259973 composite?
True
Is 208429 composite?
True
Is 191569 composite?
True
Is 54407 a prime number?
False
Is 10265 composite?
True
Is 481 prime?
False
Is 66813 a prime number?
False
Is 59461 prime?
False
Is 56081 a prime number?
True
Is 299 a composite number?
True
Is 100267 composite?
False
Is 26921 a composite number?
False
Is 8605 a prime number?
False
Is 15353 prime?
False
Is 16733 a composite number?
True
Is 226073 a composite number?
True
Is 2391 a composite number?
True
Is 10651 a composite number?
False
Is 35911 a composite number?
False
Is 212027 composite?
True
Is 22138 composite?
True
Is 79909 a prime number?
False
Is 62117 prime?
False
Is 15055 composite?
True
Is 38939 prime?
False
Is 12731 a composite number?
True
Is 1135 prime?
False
Is 18053 prime?
False
Is 1888243 a prime number?
False
Is 102493 a prime number?
False
Is 4393 composite?
True
Is 336757 composite?
False
Is 295993 prime?
True
Is 135313 prime?
False
Is 3697 composite?
False
Is 1204711 a composite number?
False
Is 300479 a prime number?
False
Is 20533 composite?
False
Is 2336381 a prime number?
True
Is 1634341 composite?
False
Is 5437 prime?
True
Is 149837 a prime number?
True
Is 29329 prime?
False
Is 20789 a prime number?
True
Is 149887 a prime number?
False
Is 750641 a composite number?
False
Is 158519 prime?
True
Is 5669 prime?
True
Is 478963 composite?
False
Is 211957 a prime number?
False
Is 33647 a composite number?
False
Is 936907 prime?
True
Is 109069 prime?
False
Is 494497 composite?
False
Is 304593 prime?
False
Is 797317 a prime number?
False
Is 73841 a composite number?
True
Is 24791 prime?
False
Is 1657 prime?
True
Is 280837 a composite number?
False
Is 118567 prime?
False
Is 2373419 prime?
False
Is 43243 composite?
True
Is 102731 prime?
False
Is 797 composite?
False
Is 36691 composite?
False
Is 5807 a composite number?
False
Is 22807 composite?
False
Is 54493 a composite number?
False
Is 816499 composite?
False
Is 17027 a prime number?
True
Is 85205 a prime number?
False
Is 71419 a composite number?
False
Is 12185 a prime number?
False
Is 35759 prime?
True
Is 954361 composite?
True
Is 161423 a prime number?
False
Is 2461 a composite number?
True
Is 46285 a prime number?
False
Is 12323 prime?
True
Is 55841 composite?
True
Is 19253 a composite number?
True
Is 164617 a composite number?
False
Is 755413 a composite number?
False
Is 49163 composite?
True
Is 22579 prime?
False
Is 1087682 a prime number?
False
Is 133823 a prime number?
False
Is 46369 composite?
True
Is 5939 a prime number?
True
Is 3177583 prime?
True
Is 30341 a prime number?
True
Is 21623 a composite number?
True
Is 17533 composite?
True
Is 30106 prime?
False
Is 7179053 a composite number?
True
Is 1062383 composite?
True
Is 932657 composite?
True
Is 61001 a composite number?
False
Is 291722 prime?
False
Is 315781 prime?
False
Is 6247 prime?
True
Is 121377 composite?
True
Is 119159 prime?
True
Is 36973 a prime number?
True
Is 22177 composite?
True
Is 568391 composite?
False
Is 485637 a prime number?
False
Is 2440961 composite?
False
Is 211 composite?
False
Is 3633533 prime?
False
Is 9619 a prime number?
True
Is 5958827 composite?
True
Is 1759 a composite number?
False
Is 153701 a composite number?
False
Is 231059 prime?
False
Is 21211 a composite number?
False
Is 19901 a prime number?
False
Is 48917 prime?
False
Is 2371 a prime number?
True
Is 84947 a prime number?
True
Is 4308781 prime?
True
Is 27941 prime?
True
Is 9277 composite?
False
Is 767009 composite?
True
Is 1459 a composite number?
False
Is 11509 a composite number?
True
Is 340717 composite?
True
Is 16771 prime?
False
Is 16033 composite?
False
Is 5167 prime?
True
Is 46381 prime?
True
Is 217873 prime?
False
Is 4290269 composite?
False
Is 218737 composite?
False
Is 2384297 prime?
True
Is 30779 a prime number?
False
Is 15661 prime?
True
Is 31431 a composite number?
True
Is 51693 composite?
True
Is 667 prime?
False
Is 10063 composite?
True
Is 425143 composite?
True
Is 2333 a prime number?
True
Is 225229 prime?
False
Is 506335 a prime number?
False
Is 102799 a prime number?
False
Is 209089 a prime number?
True
Is 35193 a prime number?
False
Is 479647 prime?
False
Is 308777 a prime number?
False
Is 8147 composite?
False
Is 64217 prime?
True
Is 76031 composite?
False
Is 21037 a prime number?
False
Is 190541 prime?
False
Is 8605 composite?
True
Is 134327 a composite number?
False
Is 41029 a prime number?
False
Is 2572319 a composite number?
True
Is 342863 a prime number?
True
Is 6739 prime?
False
Is 87011 prime?
True
Is 1171 prime?
True
Is 15683 prime?
True
Is 441073 prime?
True
Is 63887 composite?
True
Is 59819 a prime number?
False
Is 1193635 composite?
True
Is 521 a composite number?
False
Is 86803 prime?
False
Is 14953 a composite number?
True
Is 66251 a composite number?
True
Is 290737 a prime number?
True
Is 79519 prime?
False
Is 247591 composite?
False
Is 29519 composite?
True
Is 91681 composite?
True
Is 22469 a prime number?
True
Is 156787 composite?
True
Is 2323 a prime number?
False
Is 13714 a composite number?
True
Is 8496395 a composite number?
True
Is 3400739 a prime number?
True
Is 157531 prime?
False
Is 17519 a prime number?
True
Is 19 prime?
True
Is 5297 prime?
True
Is 685601 prime?
False
Is 58 prime?
False
Is 8059 prime?
True
Is 143741 a prime number?
False
Is 13045 a prime number?
False
Is 1284467 a prime number?
True
Is 852083 prime?
False
Is 11269 composite?
True
Is 356189 a composite number?
True
Is 6971 prime?
True
Is 7901 a prime number?
True
Is 1201 composite?
False
Is 33662 composite?
True
Is 43453 composite?
True
Is 4037 a composite number?
True
Is 6247 prime?
True
Is 39085 a composite number?
True
Is 615911 a composite number?
True
Is 51079 composite?
True
Is 178291 a composite number?
True
Is 1499 prime?
True
Is 265 a composite number?
True
Is 11797 composite?
True
Is 80059 a composite number?
True
Is 2789 prime?
True
Is 1539011 a composite number?
False
Is 97593 composite?
True
Is 2458 prime?
False
Is 1179723 a prime number?
False
Is 2072515 prime?
False
Is 26083 a composite number?
False
Is 1471 a composite number?
False
Is 32105 a composite number?
True
Is 758137 prime?
True
Is 66611 a prime number?
False
Is 8663 a composite number?
False
Is 227239 composite?
True
Is 158511 composite?
True
Is 179099 prime?
True
Is 289061 a composite number?
True
Is 48197 composite?
False
Is 87583 prime?
True
Is 10753 composite?
False
Is 1721361 prime?
False
Is 21355 a composite number?
True
Is 77299 a composite number?
True
Is 6211 prime?
True
Is 47389 a prime number?
True
Is 564227 a prime number?
True
Is 59834 a composite number?
True
Is 112449 composite?
True
Is 4711 a prime number?
False
Is 93419 a composite number?
False
Is 27253 a composite number?
False
Is 995717 a prime number?
False
Is 16183 a composite number?
False
Is 5077 a prime number?
True
Is 1027541 a composite number?
True
Is 4409 a prime number?
True
Is 2453 a composite number?
True
Is 414811 a prime number?
False
Is 3847 prime?
True
Is 636017 a composite number?
False
Is 13705 a composite number?
True
Is 94729 composite?
True
Is 17707 composite?
False
Is 8923 a prime number?
True
Is 88581 a prime number?